172*c + 12126. Determine n(8).
-2
Let r(t) = -t**2 + 151*t + 3997. Give r(-23).
-5
Let x(j) = -2263*j + 9056. Calculate x(4).
4
Let i(o) = o**3 - 21*o**2 - 204*o + 2128. Calculate i(7).
14
Let f(o) = 1100*o**2 - 26334*o - 1615. What is f(24)?
-31
Let x(s) = -7*s**3 - 3*s**2 - 65*s + 318. Give x(5).
-957
Let m(d) = 36*d**2 - 275*d + 185. Give m(7).
24
Let z(u) = -5*u**2 - 508*u - 9472. Give z(-77).
-1
Let j(r) = -5230*r + 11444. Give j(2).
984
Let y(h) = 165*h**3 - 21*h**2 - 14*h + 62. Calculate y(-2).
-1314
Let u(m) = 2*m**3 - 90*m**2 + 466*m - 156. Calculate u(39).
-234
Let m(q) = -q**3 + 690*q**2 - 6135*q + 69. What is m(9)?
15
Let p(r) = 41*r**3 - 6*r**2 + 21*r + 22. Determine p(-1).
-46
Let q(n) = 63245*n + 379472. Determine q(-6).
2
Let d(z) = 115636*z - 578255. Determine d(5).
-75
Let g(a) = 2369*a - 68879. Give g(29).
-178
Let j(c) = 250*c - 6416. Calculate j(25).
-166
Let u(g) = 426*g + 8050. Determine u(-18).
382
Let m(l) = 4*l**3 + 25*l**2 + 56*l - 16. Calculate m(-7).
-555
Let f(z) = -99*z + 1913. Determine f(9).
1022
Let f(y) = y**3 - 33*y**2 - 2488*y + 244. Calculate f(69).
-32
Let f(m) = -2*m**3 - 148*m**2 + 313*m + 692. Calculate f(-76).
8
Let m(u) = -5858026*u + 5858027. Calculate m(1).
1
Let a(j) = 1104*j + 9894. What is a(-9)?
-42
Let d(v) = v**2 + 10331*v - 31003. Give d(3).
-1
Let g(x) = 4*x**3 + 409*x**2 - 7040*x + 31. Determine g(15).
-44
Let b(l) = -35*l - 1649. Calculate b(-46).
-39
Let j(o) = 53617*o - 482546. Determine j(9).
7
Let o(r) = 1064*r + 2366. Give o(-4).
-1890
Let v(g) = -g**3 + 8*g**2 + 1038*g + 6513. Calculate v(-7).
-18
Let u(f) = -233875*f - 2. Calculate u(0).
-2
Let w(x) = -41171*x + 23. Calculate w(0).
23
Let w(p) = 10*p**2 - 959*p - 28. Determine w(96).
68
Let v(w) = 263*w + 449. Give v(-2).
-77
Let j(l) = l**3 + 20*l**2 - 1076*l - 489. Calculate j(-43).
3252
Let f(v) = -v**3 + 99*v**2 - 1117*v - 6. Give f(13).
7
Let n(z) = z**3 + 63*z**2 - 1768*z - 186. Give n(-84).
150
Let y(z) = -5*z**2 + 707*z - 368. Determine y(141).
-86
Let l(n) = -2*n**2 + 12178*n + 490276. Calculate l(-40).
-44
Let z(l) = 954*l + 7119. What is z(-7)?
441
Let j(w) = 3*w**3 - 14*w**2 + 101*w + 7. Give j(5).
537
Let r(s) = 267926*s + 1339633. Calculate r(-5).
3
Let c(z) = 6220*z + 404301. What is c(-65)?
1
Let y(i) = -i**2 + 370*i + 68284. What is y(-135)?
109
Let h(m) = 176*m - 1. Calculate h(-3).
-529
Let y(q) = -57*q - 12880. Give y(-203).
-1309
Let l(r) = -592*r + 209. Calculate l(-2).
1393
Let j(w) = -w**2 + 78*w - 607. Determine j(7).
-110
Let d(w) = 122*w**3 - 22*w**2 - 45*w - 10. Calculate d(-2).
-984
Let x(y) = -2*y**3 + 19*y**2 + 7853*y - 100920. Determine x(13).
-14
Let w(m) = -2*m**3 + 212*m**2 - 1011*m + 83. What is w(101)?
-18
Let o(r) = -514*r - 9457. Determine o(-16).
-1233
Let l(h) = 14*h**2 + 2455*h - 14318. Give l(-181).
-19
Let w(g) = -7*g**3 + 32*g**2 - 133*g - 18. Calculate w(5).
-758
Let q(h) = h**2 - 358*h - 794253. What is q(1088)?
-13
Let k(q) = 3*q**3 - 54*q**2 + 40*q + 162. Calculate k(18).
882
Let l(r) = -4417*r - 54368. Calculate l(-12).
-1364
Let x(m) = 4214*m - 147616. Give x(35).
-126
Let c(g) = -352*g**2 + 55266*g - 313. What is c(157)?
1
Let u(s) = 3*s**3 + 14*s**2 - 4530*s - 4534. Calculate u(-1).
7
Let o(f) = -152302*f - 1370914. What is o(-9)?
-196
Let h(z) = -2*z**3 + 1134*z**2 - 182*z + 103197. Give h(567).
3
Let v(g) = 3*g**3 + 187*g**2 + 38311*g + 2371439. Give v(-62).
1
Let a(g) = 269*g**2 + 69*g + 74. What is a(-1)?
274
Let s(b) = 961916*b - 10581094. Give s(11).
-18
Let t(a) = -a**2 - 12*a + 8257. Give t(-99).
-356
Let s(k) = 3443*k - 75797. Determine s(22).
-51
Let g(s) = -2*s**3 + 2*s**2 - 80826*s - 242488. Calculate g(-3).
62
Let v(x) = -1145*x - 48007. Determine v(-42).
83
Let w(k) = -2*k**2 + 6162*k - 55304. Determine w(9).
-8
Let g(u) = -72988*u - 291918. Calculate g(-4).
34
Let d(n) = 372233*n + 1488943. What is d(-4)?
11
Let c(s) = 1994*s - 8950. Give c(5).
1020
Let j(l) = l**3 - 319*l**2 - 1241*l + 88557. What is j(322)?
7
Let u(g) = -9*g**3 + 85*g**2 - 90*g + 2. Determine u(1).
-12
Let q(t) = 106*t**2 + 804*t - 2546. Determine q(-10).
14
Let h(o) = -25830*o - 6069967. What is h(-235)?
83
Let t(p) = -33*p**3 + 14*p**2 - 11*p - 10. What is t(4)?
-1942
Let m(q) = -5*q - 1095. Give m(-81).
-690
Let y(s) = 6557*s - 236009. Calculate y(36).
43
Let x(t) = t**3 - 81*t**2 - 858*t + 4338. Determine x(90).
18
Let o(z) = -459*z - 19765. Give o(-43).
-28
Let s(j) = j**3 - 30*j**2 + 145*j + 172. Calculate s(14).
-934
Let i(b) = b**2 + 55169*b - 110344. Determine i(2).
-2
Let t(j) = 3317*j - 8314. Determine t(3).
1637
Let i(x) = 132*x - 32730. Calculate i(249).
138
Let j(l) = 335006*l - 670020. What is j(2)?
-8
Let c(b) = 6*b**2 + 65*b + 500. Determine c(-6).
326
Let r(z) = 49*z**2 + 38*z - 182. Determine r(8).
3258
Let n(i) = -2625*i - 1514590. Determine n(-577).
35
Let a(m) = 21892*m - 240834. Calculate a(11).
-22
Let r(i) = -9305*i - 65791. What is r(-7)?
-656
Let j(t) = t**3 + 24*t**2 + 165*t + 246. Calculate j(-9).
-24
Let v(y) = -y**3 + 25*y**2 - 68*y + 112. Determine v(20).
752
Let a(s) = 2*s**3 - 114*s**2 - 118*s + 170. Give a(58).
54
Let w(x) = -107*x**3 + 10*x**2 - 712*x + 703. Determine w(1).
-106
Let u(v) = 6171*v - 2240074. What is u(363)?
-1
Let x(y) = -2*y**3 + 29*y**2 + 197*y - 25. Determine x(16).
2359
Let h(p) = 16*p**2 + 728*p + 2827. Calculate h(-4).
171
Let w(b) = -b**2 + 7514*b - 37494. Determine w(5).
51
Let d(b) = -b**3 + 6*b**2 - 8*b - 179. Give d(-4).
13
Let p(w) = -47275*w + 2221939. What is p(47)?
14
Let a(m) = -2898*m - 5855. What is a(-2)?
-59
Let t(q) = 5*q**2 + 746*q - 2211. What is t(-153)?
696
Let r(k) = -32148*k - 76640832. Determine r(-2384).
0
Let y(x) = 20*x**2 - 219*x + 201. What is y(1)?
2
Let p(v) = -69413*v + 624712. Calculate p(9).
-5
Let n(l) = -l**3 - 357*l**2 - 650*l + 18912. Give n(-355).
-2388
Let i(f) = -4*f**3 + 29*f**2 - 276*f + 1478. Determine i(6).
2
Let l(s) = -58*s**3 - s**2 - 269*s - 269. Give l(-1).
57
Let m(x) = -154*x**2 + 404*x + 212. Calculate m(3).
38
Let l(q) = 25079*q - 225711. What is l(9)?
0
Let i(k) = 2*k**3 - 56*k**2 - 448*k + 11294. What is i(29)?
-16
Let q(z) = 4*z**2 - 2966*z + 20612. Determine q(7).
46
Let i(c) = -c**2 - 3854*c + 440060. Determine i(111).
-55
Let u(z) = z**3 - 43*z**2 - 7*z - 3741. Give u(45).
-6
Let v(x) = -26559*x + 1354520. Calculate v(51).
11
Let k(f) = -26*f**3 + 24*f**2 - 39*f + 105. Give k(4).
-1331
Let i(x) = 131789*x + 67. Determine i(0).
67
Let m(b) = -14*b**3 + 44*b**2 + 682*b - 4084. Determine m(6).
-1432
Let k(t) = 33*t**2 - 3288*t + 81008. Determine k(55).
-7
Let r(z) = 34*z**2 + 594*z + 1192. What is r(-15)?
-68
Let v(w) = -7*w**3 + 256*w**2 + 111*w - 592. Give v(37).
-592
Let m(h) = 2*h**3 + 2*h**2 - 9982*h + 2930. What is m(70)?
-10
Let d(m) = -707*m - 1094. Determine d(0).
-1094
Let n(c) = -345*c + 10395. Give n(31).
-300
Let l(o) = -577063*o**2 + 2885315*o - 8. Determine l(5).
-8
Let k(c) = 2*c**3 + 75*c**2 - 193*c - 169. Determine k(-40).
-449
Let s(a) = 122*a**2 + 10372*a + 321. What is s(-85)?
151
Let q(y) = -90*y**3 - 191*y**2 + 193*y + 2. What is q(1)?
-86
Let a(c) = -17*c + 985. Calculate a(76).
-307
Let j(u) = -6633*u + 33166. What is j(5)?
1
Let v(u) = 529*u + 4474. Calculate v(-7).
771
Let k(s) = 82*s**2 - 1696*s - 1695. What is k(-1)?
83
Let l(y) = 623*y - 732. Give l(2).
514
Let s(l) = l**3 - 45*l**2 + 117*l - 7504. Give s(46).
-6
Let a(n) = -5429*n**2 - 988080*n - 360. Calculate a(-182).
4
Let l(u) = u**3 - 534*u**2 - 6037*u - 434. Give l(-11).
28
Let j(n) = -4*n**3 + 285*n**2 - 622*n + 74. What is j(69)?
5
Let c(u) = u**3 + 137*u + 815. Give c(-6).
-223
Let m(a) = a**3 - 9*a**2 - 413*a + 4010. What is m(10)?
-20
Let m(z) = 30*z**2 + 29*z - 1839. What is m(8)?
313
Let h(k) = -k**2 - 147*k + 5528. Give h(31).
10
Let v(p) = 31*p**2 + 114*p - 456. What is v(-6)?
-24
Let b(g) = 119*g**2 + 1891*g - 211. What is b(-16)?
-3
Let k(t) = -2955703*t - 5911415. Determine k(-2).
-9
Let p(w) = w**2 + 110*w - 620. What is p(5)?
-45
Let c(k) = -k**2 - 457*k + 24245. What is c(48)?
5
Let j(o) = -5*o**2 - 15*o - 105. Give j(-9).
-375
Let k(z) = 11*z**3 - 57*z**2 - 491*z + 2632. Determine k(6).
10
Let g(u) = 84*u**2 + 747*u + 1631. Give g(-5).
-4
Let o(w) = 52*w - 7876. Determine o(152)